12a
Convert 1a93a (base 11) to base 10.
29083
Convert -420514 (base 7) to base 6.
-1314354
1310 (base 4) to base 12
98
1230 (base 8) to base 4
22120
What is 111011011 (base 2) in base 15?
21a
-1100000000 (base 2) to base 15
-363
-1000010000001 (base 2) to base 12
-2541
Convert 1470c (base 13) to base 3.
1221212120
5cc (base 14) to base 16
488
Convert 121332 (base 4) to base 12.
b66
Convert -62182 (base 10) to base 2.
-1111001011100110
What is -2cd1 (base 14) in base 12?
-4787
Convert -10541 (base 11) to base 15.
-47e6
What is -1100010 (base 3) in base 4?
-33033
What is 1299 (base 12) in base 9?
2830
-3220023 (base 4) to base 11
-10189
What is 111320 (base 5) in base 14?
162c
What is 2015 (base 11) in base 8?
5166
What is -17c (base 13) in base 10?
-272
What is 15521 (base 7) in base 8?
10430
211a (base 11) to base 4
223310
Convert 2334 (base 7) to base 13.
510
-27c2 (base 15) to base 8
-20473
Convert -54155 (base 6) to base 12.
-435b
Convert a47 (base 13) to base 6.
12033
What is 1611 (base 8) in base 15?
405
What is -454 (base 7) in base 4?
-3223
120000 (base 3) to base 4
12111
What is -288 (base 10) in base 11?
-242
Convert -31308 (base 10) to base 11.
-21582
What is 10010111101 (base 2) in base 5?
14323
-522 (base 6) to base 9
-235
What is -1123301 (base 4) in base 15?
-1b18
Convert 211012 (base 3) to base 16.
257
What is 211201100 (base 3) in base 16?
40b0
-161 (base 7) to base 11
-84
10010011000000 (base 2) to base 10
9408
What is 6407 (base 9) in base 11?
3598
What is 466 (base 13) in base 4?
23320
Convert 219 (base 11) to base 9.
321
Convert 3314 (base 11) to base 12.
2643
Convert 10013 (base 7) to base 11.
18a2
Convert -7677 (base 12) to base 10.
-13051
1176 (base 11) to base 6
11035
Convert -59a3 (base 16) to base 9.
-34426
Convert 3a5 (base 15) to base 11.
695
Convert -13732 (base 11) to base 7.
-110620
What is 37 (base 14) in base 16?
31
Convert 13061 (base 14) to base 5.
2443413
Convert -34098 (base 11) to base 3.
-2111200221
-2142 (base 5) to base 11
-250
Convert 2501 (base 6) to base 4.
21211
1787 (base 9) to base 12
967
What is -546c (base 16) in base 11?
-15268
Convert 32611 (base 10) to base 6.
410551
What is 34555 (base 12) in base 7?
410543
What is 10507 (base 10) in base 5?
314012
What is -67 (base 14) in base 16?
-5b
-127521 (base 8) to base 4
-22331101
-4249 (base 13) to base 15
-2ac7
22332 (base 5) to base 11
1218
Convert 3dd (base 15) to base 6.
4031
1420114 (base 5) to base 13
10503
What is 2234 (base 6) in base 12?
37a
Convert 10013200 (base 4) to base 10.
16864
What is -12021111 (base 4) in base 2?
-110001001010101
20011112 (base 3) to base 6
32452
Convert -222121 (base 5) to base 6.
-100014
What is -1260 (base 13) in base 9?
-3523
133202 (base 6) to base 16
3062
-2433 (base 8) to base 4
-110123
-75e (base 15) to base 3
-2021122
-101012110 (base 3) to base 15
-230c
Convert 4838 (base 9) to base 14.
1451
-24404 (base 6) to base 12
-2104
Convert -160e7 (base 15) to base 10.
-71092
252240 (base 6) to base 12
11080
Convert 286 (base 9) to base 10.
240
What is 100100101 (base 2) in base 12?
205
What is -7208 (base 15) in base 4?
-11320103
Convert 819b (base 12) to base 13.
6548
-2057 (base 9) to base 14
-79c
-253555 (base 8) to base 13
-3102b
Convert 12202 (base 4) to base 9.
514
What is 306142 (base 7) in base 5?
3140213
3c86 (base 13) to base 3
102222022
What is 8585 (base 9) in base 4?
1202222
Convert 1972 (base 11) to base 6.
15323
What is 1908 (base 13) in base 7?
13602
What is 1435 (base 15) in base 5?
114300
What is 3aa (base 15) in base 7?
2302
What is 100212122 (base 3) in base 2?
1110000011111
Convert 18b (base 12) to base 7.
506
Convert aa2 (base 13) to base 11.
1407
-3648 (base 13) to base 12
-4529
What is -23231321 (base 4) in base 14?
-136c1
Convert 1374 (base 8) to base 6.
3312
-5 (base 12) to base 2
-101
What is 30334 (base 5) in base 7?
5512
What is -1201330 (base 4) in base 15?
-1ccd
What is -1b955 (base 12) in base 15?
-c2a5
What is -aa63 (base 12) in base 11?
-13137
Convert 1930 (base 11) to base 13.
1169
10010000 (base 2) to base 5
1034
-2121012 (base 3) to base 2
-11101100111
923 (base 12) to base 13
7aa
31b5 (base 16) to base 6
134525
What is 37 (base 8) in base 13?
25
Convert -220011000 (base 3) to base 16.
-44c4
Convert -551 (base 15) to base 14.
-61b
-211333 (base 4) to base 15
-ac1
4936 (base 10) to base 2
1001101001000
Convert 28a (base 11) to base 10.
340
Convert 5725 (base 8) to base 5.
44104
Convert -23312223 (base 4) to base 11.
-33531
-2859 (base 12) to base 2
-1001001000101
Convert 18c (base 15) to base 7.
1020
What is 31201300 (base 4) in base 13?
1c2b2
-101001100110 (base 2) to base 6
-20154
Convert 1011101010011 (base 2) to base 9.
8164
Convert 28480 (base 9) to base 14.
70a2
-303312 (base 5) to base 4
-2121220
What is 253 (base 14) in base 3?
122020
Convert 1231021 (base 4) to base 5.
210420
Convert -17043 (base 9) to base 2.
-10110110110111
245 (base 10) to base 13
15b
211102 (base 3) to base 2
1001011101
What is -30211 (base 4) in base 9?
-1084
Convert -2103 (base 7) to base 16.
-2e2
-5106 (base 7) to base 2
-11011101010
What is b33 (base 14) in base 9?
3015
What is -1000011 (base 3) in base 9?
-1004
What is 1185 (base 9) in base 8?
1567
What is -781 (base 12) in base 13?
-670
What is a050 (base 13) in base 7?
121146
What is -14b (base 13) in base 11?
-1a1
What is 134226 (base 8) in base 16?
b896
-4781 (base 9) to base 13
-1807
What is 113030 (base 4) in base 11?
112a
-2251 (base 6) to base 11
-447
-220646 (base 8) to base 16
-121a6
What is 18646 (base 12) in base 3?
1210200000
What is 3653 (base 8) in base 15?
8ad
-222220 (base 3) to base 14
-39c
What is -13544 (base 8) in base 14?
-227a
Convert -930 (base 12) to base 5.
-20312
147 (base 13) to base 14
124
Convert 1010001011101 (base 2) to base 11.
3a0a
Convert 2136 (base 7) to base 10.
762
What is -a31 (base 12) in base 16?
-5c5
What is -110110100 (base 2) in base 5?
-3221
Convert -33415 (base 7) to base 5.
-232230
Convert -1100101011011 (base 2) to base 3.
-22220102
bdce (base 16) to base 8
136716
What is -57882 (base 11) in base 3?
-11020122120
-54987 (base 10) to base 16
-d6cb
11405 (base 10) to base 4
2302031
6227 (base 14) to base 4
10013323
-2002220 (base 3) to base 5
-22121
Convert -310201 (base 6) to base 16.
-6079
What is -22422 (base 5) in base 13?
-970
-1001000000010 (base 2) to base 12
-2802
Convert 15030 (base 8) to base 15.
1ea5
Convert -232102 (base 4) to base 15.
-d27
What is -32303 (base 5) in base 13?
-1006
What is 1d32 (base 16) in base 5?
214344
What is 24a0 (base 16) in base 12?
5514
-1765 (base 12) to base 4
-223331
What is 252 (base 16) in base 2?
1001010010
-1425 (base 6) to base 8
-571
-92c9 (base 13) to base 16
-4f34
What is -44757 (base 9) in base 12?
-15297
What is 21223 (base 5) in base 3?
1222021
648 (base 12) to base 13
55a
Convert -232334 (base 5) to base 10.
-8469
957 (base 12) to base 15
60d
Convert -140454 (base 7) to base 11.
-19024
-1111111 (base 2) to base 7
-241
What is 1243 (base 5) in base 3?
21100
What is -3020221 (base 4) in base 16?
-3229
Convert -156b2 (base 12) to base 3.
-1112122222
What is -654 (base 10) in base 9?
-806
12210 (base 7) to base 2
110001111000
Convert -117 (base 9) to base 15.
-67
Convert 9359 (base 12) to base 16.
3eb5
Convert -10de (base 16) to base 12.
-25ba
Convert 87447 (base 9) to base 5.
3323313
1202320 (base 4) to base 9
8611
What is -334 (base 5) in base 6?
-234
What is -105526 (base 7) in base 12?
-aa57
What is 168 (base 11) in base 10?
195
What is 7777 (base 8) in base 2?
111111111111
What is 1001100200 (base 3) in base 15?
61d3
What is 1269 (base 12) in base 3?
2212200
Convert -443 (base 12) to base 3.
-212020
What is 11002110001 (base 3) in base 2?
10011101010000011
What is 252425 (base 6) in base 5?
1211000
What is -12056 (base 8) in base 10?
-5166
Convert -37d3 (base 15) to base 13.
-5553
-110001000100101 (base 2) to base 15
-76a0
Convert 14304 (base 6) to base 15.
a17
What is 8444 (base 13) in base 11?
12834
What is 6679 (base 12) in base 5?
330300
What is -4440 (base 6) in base 9?
-1366
What is -392 (base 12) in base 2?
-1000011110
What is -4da3 (base 16) in base 14?
-7359
What is 4404 (base 6) in base 9?
1344
Convert 13312 (base 4) to base 2.
1111